 common factor of 60 and 72?
12
Calculate the greatest common divisor of 20 and 110.
10
What is the highest common divisor of 4642 and 44?
22
What is the greatest common factor of 50 and 53850?
50
What is the highest common divisor of 48 and 6?
6
What is the highest common divisor of 265 and 53?
53
What is the greatest common factor of 6 and 48?
6
What is the highest common divisor of 52 and 1066?
26
What is the greatest common factor of 1397 and 33?
11
Calculate the highest common divisor of 715 and 39.
13
Calculate the highest common factor of 11 and 165.
11
Calculate the greatest common factor of 2299 and 22.
11
Calculate the highest common divisor of 12 and 264.
12
What is the highest common factor of 1290 and 172?
86
What is the greatest common divisor of 22 and 1584?
22
Calculate the highest common factor of 18 and 14.
2
What is the highest common divisor of 414 and 2622?
138
Calculate the greatest common divisor of 11871 and 9.
9
Calculate the highest common divisor of 282 and 24.
6
Calculate the highest common factor of 2146 and 74.
74
Calculate the greatest common factor of 8 and 168.
8
What is the highest common divisor of 1358 and 14?
14
What is the highest common factor of 2 and 82?
2
Calculate the greatest common divisor of 1326 and 26.
26
Calculate the highest common factor of 25 and 200.
25
What is the greatest common factor of 297 and 66?
33
What is the highest common factor of 34 and 174?
2
What is the highest common divisor of 138 and 21666?
138
What is the highest common factor of 83 and 2075?
83
What is the highest common divisor of 4590 and 544?
34
What is the greatest common factor of 80 and 1?
1
Calculate the highest common divisor of 7992 and 740.
148
What is the highest common divisor of 63 and 147?
21
Calculate the greatest common divisor of 26 and 52.
26
Calculate the highest common factor of 1148 and 56.
28
Calculate the highest common divisor of 2420 and 20.
20
What is the greatest common factor of 45 and 11520?
45
Calculate the greatest common factor of 81 and 45.
9
Calculate the greatest common divisor of 165 and 473.
11
Calculate the highest common factor of 215 and 10.
5
What is the greatest common factor of 338 and 26?
26
What is the greatest common divisor of 10 and 1685?
5
Calculate the highest common factor of 325 and 2.
1
Calculate the highest common divisor of 280 and 6280.
40
What is the greatest common factor of 120 and 40?
40
Calculate the highest common divisor of 2360 and 200.
40
What is the greatest common factor of 1210 and 1430?
110
Calculate the highest common factor of 162 and 42.
6
What is the highest common factor of 136 and 32?
8
What is the highest common factor of 20 and 220?
20
What is the greatest common divisor of 288 and 18?
18
What is the highest common divisor of 12 and 1140?
12
Calculate the highest common factor of 20735 and 286.
143
Calculate the greatest common factor of 2646 and 3.
3
Calculate the highest common factor of 65 and 1651.
13
Calculate the highest common factor of 1368 and 152.
152
Calculate the greatest common factor of 36 and 576.
36
Calculate the greatest common factor of 58 and 36598.
58
Calculate the greatest common divisor of 49 and 56.
7
What is the highest common factor of 10280 and 20?
20
What is the greatest common divisor of 16 and 368?
16
What is the highest common divisor of 260 and 845?
65
What is the greatest common factor of 444 and 504?
12
Calculate the greatest common divisor of 9898 and 98.
98
What is the greatest common factor of 110 and 490?
10
Calculate the highest common divisor of 812 and 2204.
116
What is the greatest common divisor of 6 and 339?
3
Calculate the highest common factor of 168 and 72.
24
What is the greatest common factor of 418 and 95?
19
What is the greatest common divisor of 12193 and 137?
137
What is the greatest common divisor of 11 and 2?
1
Calculate the greatest common divisor of 154 and 407.
11
What is the greatest common factor of 295 and 413?
59
What is the greatest common divisor of 34 and 1598?
34
Calculate the greatest common factor of 18 and 96.
6
Calculate the greatest common factor of 345 and 390.
15
What is the greatest common factor of 3372 and 12?
12
Calculate the highest common divisor of 5346 and 1296.
162
What is the highest common factor of 60 and 2?
2
What is the greatest common factor of 408 and 3696?
24
What is the highest common factor of 2165 and 50?
5
What is the highest common divisor of 24 and 1272?
24
What is the highest common factor of 6495 and 120?
15
What is the greatest common divisor of 222 and 12?
6
What is the greatest common factor of 11 and 1122?
11
Calculate the greatest common divisor of 702 and 4680.
234
Calculate the highest common factor of 140 and 640.
20
What is the greatest common factor of 11610 and 198?
18
Calculate the greatest common divisor of 210 and 672.
42
Calculate the highest common factor of 10 and 30.
10
What is the highest common divisor of 7908 and 84?
12
Calculate the highest common factor of 77 and 5.
1
What is the highest common divisor of 26 and 67834?
26
What is the greatest common factor of 357 and 21?
21
Calculate the greatest common divisor of 36 and 164.
4
Calculate the greatest common factor of 145 and 135.
5
Calculate the highest common divisor of 105 and 20412.
21
What is the greatest common divisor of 425 and 7310?
85
What is the highest common factor of 345 and 69?
69
What is the greatest common divisor of 60 and 390?
30
What is the greatest common divisor of 110 and 1045?
55
What is the highest common factor of 1986 and 6?
6
What is the greatest common factor of 104 and 64?
8
What is the highest common factor of 246 and 2378?
82
Calculate the greatest common factor of 65 and 20.
5
What is the greatest common divisor of 280 and 224?
56
What is the highest common factor of 4905 and 81?
9
What is the greatest common divisor of 1206 and 18?
18
Calculate the highest common divisor of 320 and 65.
5
What is the highest common divisor of 29 and 14935?
29
Calculate the highest common factor of 1056 and 672.
96
Calculate the highest common factor of 1169 and 7.
7
Calculate the highest common factor of 392 and 224.
56
What is the highest common divisor of 745 and 10?
5
What is the highest common factor of 366 and 606?
6
What is the highest common factor of 576 and 54?
18
Calculate the greatest common factor of 6 and 30.
6
What is the highest common factor of 104 and 2272?
8
What is the greatest common factor of 56 and 3192?
56
What is the highest common factor of 79 and 4187?
79
What is the greatest common divisor of 189 and 168?
21
What is the greatest common factor of 275 and 44?
11
What is the highest common divisor of 4092 and 8556?
372
What is the greatest common factor of 8 and 12892?
4
Calculate the highest common divisor of 16799 and 535.
107
What is the highest common divisor of 96 and 1408?
32
What is the highest common divisor of 100 and 950?
50
Calculate the greatest common factor of 30 and 1065.
15
Calculate the greatest common divisor of 261 and 232.
29
What is the highest common divisor of 92 and 10235?
23
Calculate the highest common factor of 650 and 195.
65
What is the greatest common factor of 69 and 3565?
23
What is the highest common divisor of 37 and 9731?
37
Calculate the greatest common factor of 16 and 10928.
16
What is the greatest common divisor of 1147 and 93?
31
What is the highest common divisor of 106 and 689?
53
Calculate the highest common divisor of 5 and 2165.
5
What is the highest common factor of 275 and 15?
5
Calculate the highest common factor of 3 and 789.
3
Calculate the greatest common factor of 546 and 126.
42
What is the highest common divisor of 16 and 168?
8
Calculate the greatest common factor of 15 and 405.
15
Calculate the highest common factor of 2280 and 120.
120
Calculate the highest common divisor of 140 and 686.
14
What is the highest common factor of 15 and 14755?
5
Calculate the highest common divisor of 13950 and 525.
75
Calculate the highest common factor of 62 and 93.
31
Calculate the greatest common factor of 93 and 868.
31
What is the greatest common divisor of 8 and 232?
8
What is the greatest common factor of 36 and 450?
18
Calculate the highest common divisor of 3223 and 44.
11
Calculate the hig